{"id":1056,"date":"2016-10-08T18:45:42","date_gmt":"2016-10-08T18:45:42","guid":{"rendered":"http:\/\/dentalia.orionthemes.com\/demo-1\/?page_id=1056"},"modified":"2026-01-08T15:44:58","modified_gmt":"2026-01-08T14:44:58","slug":"behandlingar-2","status":"publish","type":"page","link":"https:\/\/www.m4tandklinik.se\/tandlakareilerum\/behandlingar-2\/","title":{"rendered":"Behandlingar"},"content":{"rendered":"<div id=\"pl-1056\"  class=\"panel-layout\" ><div id=\"pg-1056-0\"  class=\"panel-grid panel-has-style\" ><div class=\"fixed-bg siteorigin-panels-stretch divider-no-animation tablet-default mobile-1-in-row desktop-default custom panel-row-style panel-row-style-for-1056-0\" data-stretch-type=\"full-width-stretch\" ><div id=\"pgc-1056-0-0\"  class=\"panel-grid-cell\" ><div id=\"panel-1056-0-0-0\" class=\"so-panel widget widget_orion_features_w panel-first-child panel-last-child\" data-index=\"0\" ><div class=\"orion custom tablets-text-center default panel-widget-style panel-widget-style-for-1056-0-0-0\" ><div\n\t\t\t\n\t\t\tclass=\"so-widget-orion_features_w so-widget-orion_features_w-base\"\n\t\t\t\n\t\t>\r\n<div class=\"features-wrap has_borders auto-height-mobile\">\r\n\t<div class=\"table-wrap\">\r\n\t\t<div class=\"wrap-2 clearfix\">\r\n\t\t\t\t\t\t\r\n\t\t\t\t\t\t\r\n\t\t\t<div class=\"feature-item clearfix text-center col-md-4 col-sm-6 text-light\" style=border-color:#ffffff;>\r\n\t\t\t\t<div class=\"overflow-hidden\">\r\n\t\t\t\t\t<div class=\"feature-item-wrap table-wrap no-toggle\">\t\t\r\n\t\t\t\t\t\t<div class=\"overlay-wrap\" style=\"background-color: transparent;\">\r\n\t\t\t\t\t\t<\/div>\r\n\t\t\t\t\t\t<div class=\"image-overlay-wrap\">\r\n\t\t\t\t\t\t<\/div>\r\n\t\t\t\t\t\t<div class=\"table-cell\" style=\"height:400px;\">\r\n\t\t\t\t\t\t\t<div class=\"header\">\r\n\t\t\t\t\t\t\t\t<span class=\"sow-icon-dentalicons2\" data-sow-icon=\"&#xe900;\"\n\t\tstyle=\"color: #ffffff; font-size: 48px; line-height: 48px\" \n\t\taria-hidden=\"true\"><\/span><a class=\"white-hover\" href=\"https:\/\/www.m4tandklinik.se\/tandlakareilerum\/behandlingar-2\/akut-tandvard\/\"><h4 class=\"item-title h5 white-hover\">Akut tandv\u00e5rd \u2013 n\u00e4r du beh\u00f6ver hj\u00e4lp direkt<\/h4><\/a>\t\t\t\t\t\t\t<\/div>\r\n\t\t\t\t\t\t\t<div class=\"footer\">\r\n\t\t\t\t\t\t\t\t<p>\r\n\t\t\t\t\t\t\t\t\tHar du pl\u00f6tslig tandv\u00e4rk, en skadad tand eller f\u00e5tt en olycka som p\u00e5verkat t\u00e4nder eller k\u00e4ke? D\u00e5 \u00e4r du v\u00e4lkommen till oss f\u00f6r akut tandv\u00e5rd. Vi finns h\u00e4r f\u00f6r att hj\u00e4lpa dig snabbt, tryggt och med omtanke \u2013 n\u00e4r det verkligen beh\u00f6vs.\t\t\t\t\t\t\t\t<\/p>\t\r\n\t\t\t\t\t\t\t\t\t\t\t\t\t\t\t\t<a  href=\"https:\/\/www.m4tandklinik.se\/tandlakareilerum\/behandlingar-2\/akut-tandvard\/\" class=\"btn btn btn-white btn-wire btn-sm\" aria-label=\"L\u00e4s mer\">L\u00e4s mer<\/a>\r\n\t\t\t\t\t\t\t\t\t\t\t\t\t\t\t<\/div>\r\n\t\t\t\t\t\t<\/div>\r\n\t\t\t\t\t<\/div>\r\n\t\t\t\t<\/div>\r\n\r\n\t\t\t<\/div>\r\n\t\t\t\t\t\r\n\t\t\t\t\t\t\r\n\t\t\t<div class=\"feature-item clearfix text-center col-md-4 col-sm-6 text-light\" style=border-color:#ffffff;>\r\n\t\t\t\t<div class=\"overflow-hidden\">\r\n\t\t\t\t\t<div class=\"feature-item-wrap table-wrap no-toggle\">\t\t\r\n\t\t\t\t\t\t<div class=\"overlay-wrap\" style=\"background-color: transparent;\">\r\n\t\t\t\t\t\t<\/div>\r\n\t\t\t\t\t\t<div class=\"image-overlay-wrap\">\r\n\t\t\t\t\t\t<\/div>\r\n\t\t\t\t\t\t<div class=\"table-cell\" style=\"height:400px;\">\r\n\t\t\t\t\t\t\t<div class=\"header\">\r\n\t\t\t\t\t\t\t\t<span class=\"sow-icon-dentalicons2\" data-sow-icon=\"&#xe913;\"\n\t\tstyle=\"color: #ffffff; font-size: 48px; line-height: 48px\" \n\t\taria-hidden=\"true\"><\/span><a class=\"white-hover\" href=\"https:\/\/www.m4tandklinik.se\/tandlakareilerum\/kontakt\/\"><h4 class=\"item-title h5 white-hover\">Unders\u00f6kning<\/h4><\/a>\t\t\t\t\t\t\t<\/div>\r\n\t\t\t\t\t\t\t<div class=\"footer\">\r\n\t\t\t\t\t\t\t\t<p>\r\n\t\t\t\t\t\t\t\t\tVid unders\u00f6kningen kontrollerar vi t\u00e4nderna, slemhinnorna och tandk\u00f6ttet, vi tar r\u00f6ntgenbilder och foto vid behov och kan d\u00e4refter i samr\u00e5d med dig best\u00e4mma en behandlingsplan samt ge ett kostnadsf\u00f6rslag. \t\t\t\t\t\t\t\t<\/p>\t\r\n\t\t\t\t\t\t\t\t\t\t\t\t\t\t\t\t<a  href=\"https:\/\/www.m4tandklinik.se\/tandlakareilerum\/kontakt\/\" class=\"btn btn btn-white btn-wire btn-sm\" aria-label=\"Boka tid\">Boka tid<\/a>\r\n\t\t\t\t\t\t\t\t\t\t\t\t\t\t\t<\/div>\r\n\t\t\t\t\t\t<\/div>\r\n\t\t\t\t\t<\/div>\r\n\t\t\t\t<\/div>\r\n\r\n\t\t\t<\/div>\r\n\t\t\t\t\t\r\n\t\t\t\t\t\t\r\n\t\t\t<div class=\"feature-item clearfix text-center col-md-4 col-sm-6 text-light\" style=border-color:#ffffff;>\r\n\t\t\t\t<div class=\"overflow-hidden\">\r\n\t\t\t\t\t<div class=\"feature-item-wrap table-wrap no-toggle\">\t\t\r\n\t\t\t\t\t\t<div class=\"overlay-wrap\" style=\"background-color: transparent;\">\r\n\t\t\t\t\t\t<\/div>\r\n\t\t\t\t\t\t<div class=\"image-overlay-wrap\">\r\n\t\t\t\t\t\t<\/div>\r\n\t\t\t\t\t\t<div class=\"table-cell\" style=\"height:400px;\">\r\n\t\t\t\t\t\t\t<div class=\"header\">\r\n\t\t\t\t\t\t\t\t<span class=\"sow-icon-dentalicons2\" data-sow-icon=\"&#xe91f;\"\n\t\tstyle=\"color: #ffffff; font-size: 48px; line-height: 48px\" \n\t\taria-hidden=\"true\"><\/span><a class=\"white-hover\" href=\"https:\/\/www.m4tandklinik.se\/tandlakareilerum\/behandlingar-2\/implantat\/\"><h4 class=\"item-title h5 white-hover\">Implantat<\/h4><\/a>\t\t\t\t\t\t\t<\/div>\r\n\t\t\t\t\t\t\t<div class=\"footer\">\r\n\t\t\t\t\t\t\t\t<p>\r\n\t\t\t\t\t\t\t\t\tTandimplantat \u00e4r idag en mycket bra metod, med goda resultat, f\u00f6r de som har f\u00f6rlorat t\u00e4nder.\t\t\t\t\t\t\t\t<\/p>\t\r\n\t\t\t\t\t\t\t\t\t\t\t\t\t\t\t\t<a  href=\"https:\/\/www.m4tandklinik.se\/tandlakareilerum\/behandlingar-2\/implantat\/\" class=\"btn btn btn-white btn-wire btn-sm\" aria-label=\"L\u00e4s mer\">L\u00e4s mer<\/a>\r\n\t\t\t\t\t\t\t\t\t\t\t\t\t\t\t<\/div>\r\n\t\t\t\t\t\t<\/div>\r\n\t\t\t\t\t<\/div>\r\n\t\t\t\t<\/div>\r\n\r\n\t\t\t<\/div>\r\n\t\t\t\t\t\r\n\t\t\t\t\t\t\r\n\t\t\t<div class=\"feature-item clearfix text-center col-md-4 col-sm-6 text-light\" style=border-color:#ffffff;>\r\n\t\t\t\t<div class=\"overflow-hidden\">\r\n\t\t\t\t\t<div class=\"feature-item-wrap table-wrap no-toggle\">\t\t\r\n\t\t\t\t\t\t<div class=\"overlay-wrap\" style=\"background-color: transparent;\">\r\n\t\t\t\t\t\t<\/div>\r\n\t\t\t\t\t\t<div class=\"image-overlay-wrap\">\r\n\t\t\t\t\t\t<\/div>\r\n\t\t\t\t\t\t<div class=\"table-cell\" style=\"height:400px;\">\r\n\t\t\t\t\t\t\t<div class=\"header\">\r\n\t\t\t\t\t\t\t\t<span class=\"sow-icon-dentalicons2\" data-sow-icon=\"&#xe918;\"\n\t\tstyle=\"color: #ffffff; font-size: 48px; line-height: 48px\" \n\t\taria-hidden=\"true\"><\/span><a class=\"white-hover\" href=\"https:\/\/www.m4tandklinik.se\/tandlakareilerum\/behandlingar-2\/imman-aligner\/\"><h4 class=\"item-title h5 white-hover\">Tandreglering<\/h4><\/a>\t\t\t\t\t\t\t<\/div>\r\n\t\t\t\t\t\t\t<div class=\"footer\">\r\n\t\t\t\t\t\t\t\t<p>\r\n\t\t\t\t\t\t\t\t\tFelst\u00e4llda t\u00e4nder kan r\u00e4tas upp med tandreglering.\t\t\t\t\t\t\t\t<\/p>\t\r\n\t\t\t\t\t\t\t\t\t\t\t\t\t\t\t\t<a  href=\"https:\/\/www.m4tandklinik.se\/tandlakareilerum\/behandlingar-2\/imman-aligner\/\" class=\"btn btn btn-white btn-wire btn-sm\" aria-label=\"L\u00e4s mer\">L\u00e4s mer<\/a>\r\n\t\t\t\t\t\t\t\t\t\t\t\t\t\t\t<\/div>\r\n\t\t\t\t\t\t<\/div>\r\n\t\t\t\t\t<\/div>\r\n\t\t\t\t<\/div>\r\n\r\n\t\t\t<\/div>\r\n\t\t\t\t\t\r\n\t\t\t\t\t\t\r\n\t\t\t<div class=\"feature-item clearfix text-center col-md-4 col-sm-6 text-light\" style=border-color:#ffffff;>\r\n\t\t\t\t<div class=\"overflow-hidden\">\r\n\t\t\t\t\t<div class=\"feature-item-wrap table-wrap no-toggle\">\t\t\r\n\t\t\t\t\t\t<div class=\"overlay-wrap\" style=\"background-color: transparent;\">\r\n\t\t\t\t\t\t<\/div>\r\n\t\t\t\t\t\t<div class=\"image-overlay-wrap\">\r\n\t\t\t\t\t\t<\/div>\r\n\t\t\t\t\t\t<div class=\"table-cell\" style=\"height:400px;\">\r\n\t\t\t\t\t\t\t<div class=\"header\">\r\n\t\t\t\t\t\t\t\t<span class=\"sow-icon-dentalicons2\" data-sow-icon=\"&#xe924;\"\n\t\tstyle=\"color: #ffffff; font-size: 48px; line-height: 48px\" \n\t\taria-hidden=\"true\"><\/span><a class=\"white-hover\" href=\"https:\/\/www.m4tandklinik.se\/tandlakareilerum\/behandlingar-2\/tandblekning\/\"><h4 class=\"item-title h5 white-hover\">Tandblekning<\/h4><\/a>\t\t\t\t\t\t\t<\/div>\r\n\t\t\t\t\t\t\t<div class=\"footer\">\r\n\t\t\t\t\t\t\t\t<p>\r\n\t\t\t\t\t\t\t\t\tSt\u00f6rs du av missf\u00e4rgade t\u00e4nder? tandblekning kan vara ett alternativ f\u00f6r att f\u00e5 ett naturligt fint leende.\t\t\t\t\t\t\t\t<\/p>\t\r\n\t\t\t\t\t\t\t\t\t\t\t\t\t\t\t\t<a  href=\"https:\/\/www.m4tandklinik.se\/tandlakareilerum\/behandlingar-2\/tandblekning\/\" class=\"btn btn btn-white btn-wire btn-sm\" aria-label=\"L\u00e4s mer\">L\u00e4s mer<\/a>\r\n\t\t\t\t\t\t\t\t\t\t\t\t\t\t\t<\/div>\r\n\t\t\t\t\t\t<\/div>\r\n\t\t\t\t\t<\/div>\r\n\t\t\t\t<\/div>\r\n\r\n\t\t\t<\/div>\r\n\t\t\t\t\t\r\n\t\t\t\t\t\t\r\n\t\t\t<div class=\"feature-item clearfix text-center col-md-4 col-sm-6 text-light\" style=border-color:#ffffff;>\r\n\t\t\t\t<div class=\"overflow-hidden\">\r\n\t\t\t\t\t<div class=\"feature-item-wrap table-wrap no-toggle\">\t\t\r\n\t\t\t\t\t\t<div class=\"overlay-wrap\" style=\"background-color: transparent;\">\r\n\t\t\t\t\t\t<\/div>\r\n\t\t\t\t\t\t<div class=\"image-overlay-wrap\">\r\n\t\t\t\t\t\t<\/div>\r\n\t\t\t\t\t\t<div class=\"table-cell\" style=\"height:400px;\">\r\n\t\t\t\t\t\t\t<div class=\"header\">\r\n\t\t\t\t\t\t\t\t<span class=\"sow-icon-dentalicons2\" data-sow-icon=\"&#xe916;\"\n\t\tstyle=\"color: #ffffff; font-size: 48px; line-height: 48px\" \n\t\taria-hidden=\"true\"><\/span><a class=\"white-hover\" href=\"https:\/\/www.m4tandklinik.se\/tandlakareilerum\/kontakt\/\"><h4 class=\"item-title h5 white-hover\">Bettskena<\/h4><\/a>\t\t\t\t\t\t\t<\/div>\r\n\t\t\t\t\t\t\t<div class=\"footer\">\r\n\t\t\t\t\t\t\t\t<p>\r\n\t\t\t\t\t\t\t\t\tOm man biter ihop h\u00e5rt eller gnisslar t\u00e4nder p\u00e5 natten beh\u00f6ver man en bettskena som skyddar t\u00e4nderna.\t\t\t\t\t\t\t\t<\/p>\t\r\n\t\t\t\t\t\t\t\t\t\t\t\t\t\t\t\t<a  href=\"https:\/\/www.m4tandklinik.se\/tandlakareilerum\/kontakt\/\" class=\"btn btn btn-white btn-wire btn-sm\" aria-label=\"Boka tid\">Boka tid<\/a>\r\n\t\t\t\t\t\t\t\t\t\t\t\t\t\t\t<\/div>\r\n\t\t\t\t\t\t<\/div>\r\n\t\t\t\t\t<\/div>\r\n\t\t\t\t<\/div>\r\n\r\n\t\t\t<\/div>\r\n\t\t\t\t\t\r\n\t\t\t\t\t\t\r\n\t\t\t<div class=\"feature-item clearfix text-center col-md-4 col-sm-6 text-light\" style=border-color:#ffffff;>\r\n\t\t\t\t<div class=\"overflow-hidden\">\r\n\t\t\t\t\t<div class=\"feature-item-wrap table-wrap no-toggle\">\t\t\r\n\t\t\t\t\t\t<div class=\"overlay-wrap\" style=\"background-color: transparent;\">\r\n\t\t\t\t\t\t<\/div>\r\n\t\t\t\t\t\t<div class=\"image-overlay-wrap\">\r\n\t\t\t\t\t\t<\/div>\r\n\t\t\t\t\t\t<div class=\"table-cell\" style=\"height:400px;\">\r\n\t\t\t\t\t\t\t<div class=\"header\">\r\n\t\t\t\t\t\t\t\t<span class=\"sow-icon-dentalicons2\" data-sow-icon=\"&#xe91c;\"\n\t\tstyle=\"color: #ffffff; font-size: 48px; line-height: 48px\" \n\t\taria-hidden=\"true\"><\/span><a class=\"white-hover\" href=\"https:\/\/www.m4tandklinik.se\/tandlakareilerum\/kontakt\/\"><h4 class=\"item-title h5 white-hover\">Rotfyllning<\/h4><\/a>\t\t\t\t\t\t\t<\/div>\r\n\t\t\t\t\t\t\t<div class=\"footer\">\r\n\t\t\t\t\t\t\t\t<p>\r\n\t\t\t\t\t\t\t\t\tTandv\u00e4rk kan bero p\u00e5 infektion i nervv\u00e4vnaden och beh\u00f6ver behandlas genom rotbehandling.\t\t\t\t\t\t\t\t<\/p>\t\r\n\t\t\t\t\t\t\t\t\t\t\t\t\t\t\t\t<a  href=\"https:\/\/www.m4tandklinik.se\/tandlakareilerum\/kontakt\/\" class=\"btn btn btn-white btn-wire btn-sm\" aria-label=\"Boka tid\">Boka tid<\/a>\r\n\t\t\t\t\t\t\t\t\t\t\t\t\t\t\t<\/div>\r\n\t\t\t\t\t\t<\/div>\r\n\t\t\t\t\t<\/div>\r\n\t\t\t\t<\/div>\r\n\r\n\t\t\t<\/div>\r\n\t\t\t\t\t\r\n\t\t\t\t\t\t\r\n\t\t\t<div class=\"feature-item clearfix text-center col-md-4 col-sm-6 text-light\" style=border-color:#ffffff;>\r\n\t\t\t\t<div class=\"overflow-hidden\">\r\n\t\t\t\t\t<div class=\"feature-item-wrap table-wrap no-toggle\">\t\t\r\n\t\t\t\t\t\t<div class=\"overlay-wrap\" style=\"background-color: transparent;\">\r\n\t\t\t\t\t\t<\/div>\r\n\t\t\t\t\t\t<div class=\"image-overlay-wrap\">\r\n\t\t\t\t\t\t<\/div>\r\n\t\t\t\t\t\t<div class=\"table-cell\" style=\"height:400px;\">\r\n\t\t\t\t\t\t\t<div class=\"header\">\r\n\t\t\t\t\t\t\t\t<span class=\"sow-icon-dentalicons2\" data-sow-icon=\"&#xe91d;\"\n\t\tstyle=\"color: #ffffff; font-size: 48px; line-height: 48px\" \n\t\taria-hidden=\"true\"><\/span><a class=\"white-hover\" href=\"https:\/\/www.m4tandklinik.se\/tandlakareilerum\/kontakt\/\"><h4 class=\"item-title h5 white-hover\">Krona\/Bro<\/h4><\/a>\t\t\t\t\t\t\t<\/div>\r\n\t\t\t\t\t\t\t<div class=\"footer\">\r\n\t\t\t\t\t\t\t\t<p>\r\n\t\t\t\t\t\t\t\t\tT\u00e4nder kan ibland beh\u00f6va \u00e5terst\u00e4llas med hj\u00e4lp av porslinskronor som framst\u00e4lls hos tandtekniker.\t\t\t\t\t\t\t\t<\/p>\t\r\n\t\t\t\t\t\t\t\t\t\t\t\t\t\t\t\t<a  href=\"https:\/\/www.m4tandklinik.se\/tandlakareilerum\/kontakt\/\" class=\"btn btn btn-white btn-wire btn-sm\" aria-label=\"Boka tid\">Boka tid<\/a>\r\n\t\t\t\t\t\t\t\t\t\t\t\t\t\t\t<\/div>\r\n\t\t\t\t\t\t<\/div>\r\n\t\t\t\t\t<\/div>\r\n\t\t\t\t<\/div>\r\n\r\n\t\t\t<\/div>\r\n\t\t\t\t\t\r\n\t\t\t\t\t\t\r\n\t\t\t<div class=\"feature-item clearfix text-center col-md-4 col-sm-6 text-light\" style=border-color:#ffffff;>\r\n\t\t\t\t<div class=\"overflow-hidden\">\r\n\t\t\t\t\t<div class=\"feature-item-wrap table-wrap no-toggle\">\t\t\r\n\t\t\t\t\t\t<div class=\"overlay-wrap\" style=\"background-color: transparent;\">\r\n\t\t\t\t\t\t<\/div>\r\n\t\t\t\t\t\t<div class=\"image-overlay-wrap\">\r\n\t\t\t\t\t\t<\/div>\r\n\t\t\t\t\t\t<div class=\"table-cell\" style=\"height:400px;\">\r\n\t\t\t\t\t\t\t<div class=\"header\">\r\n\t\t\t\t\t\t\t\t<span class=\"sow-icon-dentalicons2\" data-sow-icon=\"&#xe915;\"\n\t\tstyle=\"color: #ffffff; font-size: 48px; line-height: 48px\" \n\t\taria-hidden=\"true\"><\/span><a class=\"white-hover\" href=\"https:\/\/www.m4tandklinik.se\/tandlakareilerum\/behandlingar-2\/forebyggande-tandvard\/\"><h4 class=\"item-title h5 white-hover\">F\u00f6rebyggande tandv\u00e5rd<\/h4><\/a>\t\t\t\t\t\t\t<\/div>\r\n\t\t\t\t\t\t\t<div class=\"footer\">\r\n\t\t\t\t\t\t\t\t<p>\r\n\t\t\t\t\t\t\t\t\tVilken f\u00f6rebyggande v\u00e5rd beh\u00f6ver jag f\u00e5 hos min tandl\u00e4kare?\t\t\t\t\t\t\t\t<\/p>\t\r\n\t\t\t\t\t\t\t\t\t\t\t\t\t\t\t\t<a  href=\"https:\/\/www.m4tandklinik.se\/tandlakareilerum\/behandlingar-2\/forebyggande-tandvard\/\" class=\"btn btn btn-white btn-wire btn-sm\" aria-label=\"L\u00e4s mer\">L\u00e4s mer<\/a>\r\n\t\t\t\t\t\t\t\t\t\t\t\t\t\t\t<\/div>\r\n\t\t\t\t\t\t<\/div>\r\n\t\t\t\t\t<\/div>\r\n\t\t\t\t<\/div>\r\n\r\n\t\t\t<\/div>\r\n\t\t\t\t<\/div>\r\n\t\t<\/div>\r\n\r\n<\/div><\/div><\/div><\/div><\/div><\/div><\/div><div id=\"pg-1056-1\"  class=\"panel-grid panel-has-style\" ><div class=\"fixed-bg siteorigin-panels-stretch divider-no-animation tablet-default mobile-1-in-row desktop-default text-dark custom panel-row-style panel-row-style-for-1056-1\" data-stretch-type=\"full-width-stretch\" ><div id=\"pgc-1056-1-0\"  class=\"panel-grid-cell\" ><div id=\"panel-1056-1-0-0\" class=\"so-panel widget widget_orion_icon_text_w panel-first-child panel-last-child\" data-index=\"1\" ><div class=\"orion custom default panel-widget-style panel-widget-style-for-1056-1-0-0\" ><div\n\t\t\t\n\t\t\tclass=\"so-widget-orion_icon_text_w so-widget-orion_icon_text_w-base\"\n\t\t\t\n\t\t>\r\n<div class=\"row icon-box-items-wrap grid icon-top-small\">\r\n \r\n\t\r\n\t\t\r\n\t\t\r\n\t\t\t\t\r\n\t\t\r\n\t\t<div class=\"icon-box-wrap clearfix col-lg-3 col-sm-6\" style=\"margin-bottom:36px;\">\t\t\r\n\r\n\t\t\t\t\t\t\t\t\t\t<a href=\"https:\/\/goo.gl\/maps\/xt4NHD3XjdjSHJscA\" target=\"_blank\" class=\"icon-wrap relative square\">\r\n\t\t\t\t\t<span class=\"sow-icon-eleganticons\" data-sow-icon=\"&#xe081;\"\n\t\tstyle=\"color: #fff; background-color: #13597c\" \n\t\taria-hidden=\"true\"><\/span>\t\t\t\t\t\t\t\t\t<\/a>\r\n\t\t\t\r\n\t\t\t<a class=\"title-link\" target=\"_blank\" href=\"https:\/\/goo.gl\/maps\/xt4NHD3XjdjSHJscA\"><h4 class=\"item-title h6\">Lyckebobacken 6<\/h4><\/a>\t\t\t\r\n\r\n\t\t\t\t\t\t<span class=\"description\">443 38 Lerum<\/span>\r\n\t\t\t\r\n\t\t<\/div>\r\n\t\r\n\t\t\r\n\t\t\r\n\t\t\t\t\r\n\t\t\r\n\t\t<div class=\"icon-box-wrap clearfix col-lg-3 col-sm-6\" style=\"margin-bottom:36px;\">\t\t\r\n\r\n\t\t\t\t\t\t\t\t\t\t<div class=\"icon-wrap relative square\">\r\n\t\t\t\t\t<span class=\"sow-icon-eleganticons\" data-sow-icon=\"&#xe090;\"\n\t\tstyle=\"color: #fff; background-color: #13597c\" \n\t\taria-hidden=\"true\"><\/span>\t\t\t\t\t\t\t\t\t<\/div>\r\n\t\t\t\r\n\t\t\t<h4 class=\"item-title h6\">0302-107 71<\/h4>\t\t\t\r\n\r\n\t\t\t\t\t\t<span class=\"description\">Ring oss idag!<\/span>\r\n\t\t\t\r\n\t\t<\/div>\r\n\t\r\n\t\t\r\n\t\t\r\n\t\t\t\t\r\n\t\t\r\n\t\t<div class=\"icon-box-wrap clearfix col-lg-3 col-sm-6\" style=\"margin-bottom:36px;\">\t\t\r\n\r\n\t\t\t\t\t\t\t\t\t\t<a href=\"https:\/\/www.m4tandklinik.se\/tandlakareilerum\/oppettider\/\"  class=\"icon-wrap relative square\">\r\n\t\t\t\t\t<span class=\"sow-icon-eleganticons\" data-sow-icon=\"&#x7d;\"\n\t\tstyle=\"color: #fff; background-color: #13597c\" \n\t\taria-hidden=\"true\"><\/span>\t\t\t\t\t\t\t\t\t<\/a>\r\n\t\t\t\r\n\t\t\t<a class=\"title-link\" href=\"https:\/\/www.m4tandklinik.se\/tandlakareilerum\/oppettider\/\"><h4 class=\"item-title h6\">\u00d6ppettider<\/h4><\/a>\t\t\t\r\n\r\n\t\t\t\t\t\t<span class=\"description\">M\u00e5n-Fre<\/span>\r\n\t\t\t\r\n\t\t<\/div>\r\n\t\r\n\t\t\r\n\t\t\r\n\t\t\t\t\r\n\t\t\r\n\t\t<div class=\"icon-box-wrap clearfix col-lg-3 col-sm-6\" style=\"margin-bottom:36px;\">\t\t\r\n\r\n\t\t\t\t\t\t\t\t\t\t<a href=\"https:\/\/www.m4tandklinik.se\/tandlakareilerum\/kontakt\/\"  class=\"icon-wrap relative square\">\r\n\t\t\t\t\t<span class=\"sow-icon-eleganticons\" data-sow-icon=\"&#xe010;\"\n\t\tstyle=\"color: #fff; background-color: #13597c\" \n\t\taria-hidden=\"true\"><\/span>\t\t\t\t\t\t\t\t\t<\/a>\r\n\t\t\t\r\n\t\t\t<a class=\"title-link\" href=\"https:\/\/www.m4tandklinik.se\/tandlakareilerum\/kontakt\/\"><h4 class=\"item-title h6\">Kontakta oss!<\/h4><\/a>\t\t\t\r\n\r\n\t\t\t\t\t\t<span class=\"description\">info@m4tandklinik.se<\/span>\r\n\t\t\t\r\n\t\t<\/div>\r\n\t\r\n<\/div><\/div><\/div><\/div><\/div><\/div><\/div><\/div>","protected":false},"excerpt":{"rendered":"<p>Family dentistry is for patients of all ages offering complete, comprehensive dental care.<\/p>\n","protected":false},"author":1,"featured_media":0,"parent":0,"menu_order":0,"comment_status":"closed","ping_status":"closed","template":"","meta":{"footnotes":""},"class_list":["post-1056","page","type-page","status-publish","hentry"],"yoast_head":"<!-- This site is optimized with the Yoast SEO plugin v26.7 - https:\/\/yoast.com\/wordpress\/plugins\/seo\/ -->\n<title>Behandlingar - Tandl\u00e4kare Mahnush Owji - M4 tandklinik<\/title>\n<meta name=\"robots\" content=\"index, follow, max-snippet:-1, max-image-preview:large, max-video-preview:-1\" \/>\n<link rel=\"canonical\" href=\"https:\/\/www.m4tandklinik.se\/tandlakareilerum\/behandlingar-2\/\" \/>\n<meta property=\"og:locale\" content=\"sv_SE\" \/>\n<meta property=\"og:type\" content=\"article\" \/>\n<meta property=\"og:title\" content=\"Behandlingar - Tandl\u00e4kare Mahnush Owji - M4 tandklinik\" \/>\n<meta property=\"og:description\" content=\"Family dentistry is for patients of all ages offering complete, comprehensive dental care.\" \/>\n<meta property=\"og:url\" content=\"https:\/\/www.m4tandklinik.se\/tandlakareilerum\/behandlingar-2\/\" \/>\n<meta property=\"og:site_name\" content=\"Tandl\u00e4kare Mahnush Owji - M4 tandklinik\" \/>\n<meta property=\"article:publisher\" content=\"https:\/\/www.facebook.com\/m4tandklinik\" \/>\n<meta property=\"article:modified_time\" content=\"2026-01-08T14:44:58+00:00\" \/>\n<meta name=\"twitter:card\" content=\"summary_large_image\" \/>\n<meta name=\"twitter:label1\" content=\"Ber\u00e4knad l\u00e4stid\" \/>\n\t<meta name=\"twitter:data1\" content=\"2 minuter\" \/>\n<script type=\"application\/ld+json\" class=\"yoast-schema-graph\">{\"@context\":\"https:\/\/schema.org\",\"@graph\":[{\"@type\":\"WebPage\",\"@id\":\"https:\/\/www.m4tandklinik.se\/tandlakareilerum\/behandlingar-2\/\",\"url\":\"https:\/\/www.m4tandklinik.se\/tandlakareilerum\/behandlingar-2\/\",\"name\":\"Behandlingar - Tandl\u00e4kare Mahnush Owji - M4 tandklinik\",\"isPartOf\":{\"@id\":\"https:\/\/www.m4tandklinik.se\/tandlakareilerum\/#website\"},\"datePublished\":\"2016-10-08T18:45:42+00:00\",\"dateModified\":\"2026-01-08T14:44:58+00:00\",\"breadcrumb\":{\"@id\":\"https:\/\/www.m4tandklinik.se\/tandlakareilerum\/behandlingar-2\/#breadcrumb\"},\"inLanguage\":\"sv-SE\",\"potentialAction\":[{\"@type\":\"ReadAction\",\"target\":[\"https:\/\/www.m4tandklinik.se\/tandlakareilerum\/behandlingar-2\/\"]}]},{\"@type\":\"BreadcrumbList\",\"@id\":\"https:\/\/www.m4tandklinik.se\/tandlakareilerum\/behandlingar-2\/#breadcrumb\",\"itemListElement\":[{\"@type\":\"ListItem\",\"position\":1,\"name\":\"Hem\",\"item\":\"https:\/\/www.m4tandklinik.se\/tandlakareilerum\/\"},{\"@type\":\"ListItem\",\"position\":2,\"name\":\"Behandlingar\"}]},{\"@type\":\"WebSite\",\"@id\":\"https:\/\/www.m4tandklinik.se\/tandlakareilerum\/#website\",\"url\":\"https:\/\/www.m4tandklinik.se\/tandlakareilerum\/\",\"name\":\"Tandl\u00e4kare Mahnush Owji - M4 tandklinik\",\"description\":\"Tandl\u00e4kare i Lerum\",\"publisher\":{\"@id\":\"https:\/\/www.m4tandklinik.se\/tandlakareilerum\/#organization\"},\"potentialAction\":[{\"@type\":\"SearchAction\",\"target\":{\"@type\":\"EntryPoint\",\"urlTemplate\":\"https:\/\/www.m4tandklinik.se\/tandlakareilerum\/?s={search_term_string}\"},\"query-input\":{\"@type\":\"PropertyValueSpecification\",\"valueRequired\":true,\"valueName\":\"search_term_string\"}}],\"inLanguage\":\"sv-SE\"},{\"@type\":\"Organization\",\"@id\":\"https:\/\/www.m4tandklinik.se\/tandlakareilerum\/#organization\",\"name\":\"Tandl\u00e4kare Mahnush Owji - M4 tandklinik\",\"url\":\"https:\/\/www.m4tandklinik.se\/tandlakareilerum\/\",\"logo\":{\"@type\":\"ImageObject\",\"inLanguage\":\"sv-SE\",\"@id\":\"https:\/\/www.m4tandklinik.se\/tandlakareilerum\/#\/schema\/logo\/image\/\",\"url\":\"https:\/\/www.m4tandklinik.se\/wp-content\/uploads\/2019\/04\/cropped-m4-just-logo.png\",\"contentUrl\":\"https:\/\/www.m4tandklinik.se\/wp-content\/uploads\/2019\/04\/cropped-m4-just-logo.png\",\"width\":512,\"height\":512,\"caption\":\"Tandl\u00e4kare Mahnush Owji - M4 tandklinik\"},\"image\":{\"@id\":\"https:\/\/www.m4tandklinik.se\/tandlakareilerum\/#\/schema\/logo\/image\/\"},\"sameAs\":[\"https:\/\/www.facebook.com\/m4tandklinik\",\"https:\/\/www.instagram.com\/m4tandklinik\/\"]}]}<\/script>\n<!-- \/ Yoast SEO plugin. -->","yoast_head_json":{"title":"Behandlingar - Tandl\u00e4kare Mahnush Owji - M4 tandklinik","robots":{"index":"index","follow":"follow","max-snippet":"max-snippet:-1","max-image-preview":"max-image-preview:large","max-video-preview":"max-video-preview:-1"},"canonical":"https:\/\/www.m4tandklinik.se\/tandlakareilerum\/behandlingar-2\/","og_locale":"sv_SE","og_type":"article","og_title":"Behandlingar - Tandl\u00e4kare Mahnush Owji - M4 tandklinik","og_description":"Family dentistry is for patients of all ages offering complete, comprehensive dental care.","og_url":"https:\/\/www.m4tandklinik.se\/tandlakareilerum\/behandlingar-2\/","og_site_name":"Tandl\u00e4kare Mahnush Owji - M4 tandklinik","article_publisher":"https:\/\/www.facebook.com\/m4tandklinik","article_modified_time":"2026-01-08T14:44:58+00:00","twitter_card":"summary_large_image","twitter_misc":{"Ber\u00e4knad l\u00e4stid":"2 minuter"},"schema":{"@context":"https:\/\/schema.org","@graph":[{"@type":"WebPage","@id":"https:\/\/www.m4tandklinik.se\/tandlakareilerum\/behandlingar-2\/","url":"https:\/\/www.m4tandklinik.se\/tandlakareilerum\/behandlingar-2\/","name":"Behandlingar - Tandl\u00e4kare Mahnush Owji - M4 tandklinik","isPartOf":{"@id":"https:\/\/www.m4tandklinik.se\/tandlakareilerum\/#website"},"datePublished":"2016-10-08T18:45:42+00:00","dateModified":"2026-01-08T14:44:58+00:00","breadcrumb":{"@id":"https:\/\/www.m4tandklinik.se\/tandlakareilerum\/behandlingar-2\/#breadcrumb"},"inLanguage":"sv-SE","potentialAction":[{"@type":"ReadAction","target":["https:\/\/www.m4tandklinik.se\/tandlakareilerum\/behandlingar-2\/"]}]},{"@type":"BreadcrumbList","@id":"https:\/\/www.m4tandklinik.se\/tandlakareilerum\/behandlingar-2\/#breadcrumb","itemListElement":[{"@type":"ListItem","position":1,"name":"Hem","item":"https:\/\/www.m4tandklinik.se\/tandlakareilerum\/"},{"@type":"ListItem","position":2,"name":"Behandlingar"}]},{"@type":"WebSite","@id":"https:\/\/www.m4tandklinik.se\/tandlakareilerum\/#website","url":"https:\/\/www.m4tandklinik.se\/tandlakareilerum\/","name":"Tandl\u00e4kare Mahnush Owji - M4 tandklinik","description":"Tandl\u00e4kare i Lerum","publisher":{"@id":"https:\/\/www.m4tandklinik.se\/tandlakareilerum\/#organization"},"potentialAction":[{"@type":"SearchAction","target":{"@type":"EntryPoint","urlTemplate":"https:\/\/www.m4tandklinik.se\/tandlakareilerum\/?s={search_term_string}"},"query-input":{"@type":"PropertyValueSpecification","valueRequired":true,"valueName":"search_term_string"}}],"inLanguage":"sv-SE"},{"@type":"Organization","@id":"https:\/\/www.m4tandklinik.se\/tandlakareilerum\/#organization","name":"Tandl\u00e4kare Mahnush Owji - M4 tandklinik","url":"https:\/\/www.m4tandklinik.se\/tandlakareilerum\/","logo":{"@type":"ImageObject","inLanguage":"sv-SE","@id":"https:\/\/www.m4tandklinik.se\/tandlakareilerum\/#\/schema\/logo\/image\/","url":"https:\/\/www.m4tandklinik.se\/wp-content\/uploads\/2019\/04\/cropped-m4-just-logo.png","contentUrl":"https:\/\/www.m4tandklinik.se\/wp-content\/uploads\/2019\/04\/cropped-m4-just-logo.png","width":512,"height":512,"caption":"Tandl\u00e4kare Mahnush Owji - M4 tandklinik"},"image":{"@id":"https:\/\/www.m4tandklinik.se\/tandlakareilerum\/#\/schema\/logo\/image\/"},"sameAs":["https:\/\/www.facebook.com\/m4tandklinik","https:\/\/www.instagram.com\/m4tandklinik\/"]}]}},"_links":{"self":[{"href":"https:\/\/www.m4tandklinik.se\/tandlakareilerum\/wp-json\/wp\/v2\/pages\/1056","targetHints":{"allow":["GET"]}}],"collection":[{"href":"https:\/\/www.m4tandklinik.se\/tandlakareilerum\/wp-json\/wp\/v2\/pages"}],"about":[{"href":"https:\/\/www.m4tandklinik.se\/tandlakareilerum\/wp-json\/wp\/v2\/types\/page"}],"author":[{"embeddable":true,"href":"https:\/\/www.m4tandklinik.se\/tandlakareilerum\/wp-json\/wp\/v2\/users\/1"}],"replies":[{"embeddable":true,"href":"https:\/\/www.m4tandklinik.se\/tandlakareilerum\/wp-json\/wp\/v2\/comments?post=1056"}],"version-history":[{"count":348,"href":"https:\/\/www.m4tandklinik.se\/tandlakareilerum\/wp-json\/wp\/v2\/pages\/1056\/revisions"}],"predecessor-version":[{"id":6210,"href":"https:\/\/www.m4tandklinik.se\/tandlakareilerum\/wp-json\/wp\/v2\/pages\/1056\/revisions\/6210"}],"wp:attachment":[{"href":"https:\/\/www.m4tandklinik.se\/tandlakareilerum\/wp-json\/wp\/v2\/media?parent=1056"}],"curies":[{"name":"wp","href":"https:\/\/api.w.org\/{rel}","templated":true}]}}